j + 1398, -3*b + 2586 = -3*j. What is the hundreds digit of b?
8
What is the hundreds digit of (3/(-6))/((-2)/16*(-16)/(-17188))?
2
Let y(t) = -28*t - 2*t - 73 - 34*t. What is the tens digit of y(-8)?
3
Suppose -85*d + 90*d - 31318 = w, 4*d - 2*w = 25058. What is the tens digit of d?
6
Let y = 6562 - 3477. Suppose -19*m + 24*m - y = 0. Suppose -5*z + m = -168. What is the tens digit of z?
5
Let k(r) = -r**2 + 21. Let q be k(0). Suppose -q*y + 6006 = -18*y. What is the hundreds digit of y?
0
Let t be (4 + -2)/((-4)/(-7852)). Suppose -5*g - 2*o + t + 738 = 0, g - 2*o = 940. What is the units digit of g?
4
Suppose -4*p = 5*q - 4352 - 3834, -4*p - 2*q + 8180 = 0. What is the units digit of p?
4
Suppose 18*n - 25092 = 15*n - 5*b, 5*b = -n + 8364. What is the thousands digit of n?
8
Let p(t) = 159*t + 209. What is the tens digit of p(65)?
4
Let p(f) = -3*f + 42. Let j be p(13). Suppose -5*a - 4 = -29. Suppose -5*v - 25 = a*t - 6*t, -j*t = -4*v - 31. What is the units digit of t?
5
Let s = 77 + -83. Let y(g) = -3*g - 11. What is the units digit of y(s)?
7
Let a(k) = k**2 - 6*k + 6. Let i be a(6). Suppose -i = -0*s - 2*s - 4*d, d = 2. What is the units digit of (133/(-38))/(s/2)?
7
Suppose 5*k - 25 = 0, 4*z + 4*k - 55 = k. Suppose -8*r + z*r = -158. Let w = 156 + r. What is the units digit of w?
7
Suppose 4*f - 1277 = 643. Let d be (-10)/(2*4/f). What is the units digit of (-1)/((-2)/(-6) - d/(-1746))?
7
Let y(q) = 606*q - 4411. What is the ten thousands digit of y(73)?
3
Let u(s) = -4*s + 6. Let l be u(20). Let w = 78 + l. Suppose 3*p - m - 449 = -p, 0 = -p - w*m + 91. What is the hundreds digit of p?
1
Let q(u) = -7 - 119*u + 141*u - 7 + 336*u + 2. What is the hundreds digit of q(5)?
7
Suppose 119408 = -2820*p + 2837*p. What is the tens digit of p?
2
What is the tens digit of (7205/(-524))/(((-9)/744)/3)?
1
Suppose 15*i - 52*i = 23*i - 206220. What is the units digit of i?
7
Let o be 142/(-6) + (-42)/126. What is the units digit of (1 - (-10)/(-8))/(o/53664)?
9
Let f = 32277 - 9863. What is the ten thousands digit of f?
2
Let t = -47 + 47. Let n be 1 + 1 - (-54 + t + 0). Suppose 18*b - n = 17*b. What is the units digit of b?
6
Let m(l) = 3*l**3 + 3*l**2 + 4*l + 2. Let c be m(-3). Let i be (24/8 - (-14)/(-2)) + 158. Let y = i + c. What is the units digit of y?
0
Suppose -139*d + 7726648 = -18*d + 85*d. What is the ten thousands digit of d?
3
Suppose -28*b + 30712 = -17*b. What is the hundreds digit of b?
7
Let o = -17 - -15. Let c be (2 + -5)/(o/4). Suppose 3*m - c*m + 123 = 0. What is the tens digit of m?
4
Let l(s) = -5*s + 36. Let j be l(-23). Suppose -3*h - 220 = 2*h. Let d = j - h. What is the hundreds digit of d?
1
What is the tens digit of (14 + (-495640)/60)*(-12)/10?
9
Let r = 14408 + 15644. What is the units digit of r?
2
Let c(p) = 0*p - 72 + 11*p**3 - 2*p**2 - 25*p**3 + 13*p**3 - 2*p. What is the units digit of c(-9)?
3
Let h = 7062 - -93. What is the thousands digit of h?
7
Let f(u) = -110*u**2 + u - 7. Let l be f(-7). Let h be (21 + -22)/((5/(-6))/5). What is the units digit of (l/h)/(-7)*(-6)/(-4)?
3
What is the hundreds digit of (30*-391 + -8)*(5/10 + -1)?
8
Let b(m) = 136*m**2 - 5*m + 16. Let q be (21/(-35))/((-1)/5). Let g be b(q). Suppose 0*h - g = -5*h. What is the hundreds digit of h?
2
Let n = -45158 + 63892. What is the hundreds digit of n?
7
Let g be 12/(-42) + ((-6939)/(-7) - 4). Suppose j + 1669 = 5*s - 0*s, 0 = -3*s - 3*j + g. What is the units digit of s?
3
Let x(w) = 139*w**3 + 21*w**2 - 73*w - 108. What is the tens digit of x(7)?
8
Let k(a) = -3*a - 54. Let h be k(-17). Let p be -2 - (1 + 4 + -65 + h). Suppose -5*r + p = -2*j - 34, -19 = -r - 2*j. What is the tens digit of r?
1
Suppose -4*s - 2*h = 36217 - 140135, 3*s - 5*h - 77932 = 0. What is the thousands digit of s?
5
Let i(q) = -3*q**3 - 11*q**2 - 91*q + 18. What is the thousands digit of i(-14)?
7
Let f(t) = 5*t - t - 7*t + t**3 + 0 - 2. Suppose u = 3*k - 5*k + 6, -u - 1 = -5*k. What is the tens digit of f(u)?
5
Suppose 12*n - 13*n + 3 = 0, -4*k + 40712 = 4*n. What is the ten thousands digit of k?
1
Suppose 4*i + 3*j + 19 = 0, 6*i + 17 = 3*i - 5*j. Let x be (6/8)/((-1)/i) + 2. Suppose 3*f = -4*m + 708, -33 + 13 = x*f. What is the units digit of m?
0
Let u(s) = 68*s**2 + 19*s - 33. Let o be u(2). Let n = o + -82. What is the tens digit of n?
9
Suppose 449 - 130 = -11*g. Let j = g - -37. Suppose j*p = 2755 - 1059. What is the units digit of p?
2
What is the tens digit of 11567*1 - 567/(-189)?
7
Suppose -66 = 2*f - 4*y, 4*f + f + 177 = 4*y. Let p = 236 + f. What is the tens digit of p?
9
What is the units digit of 78736/(-5439)*5007/(-4) - 3/(-7)?
1
Let v = 21 - 16. Suppose 380 = 3*g - v*n - 0*n, 2*n + 126 = g. What is the units digit of g?
0
Let s be 1 - -20 - (0 - 0). Suppose 5*n + 85 = 4*h + h, 0 = 2*h - n - 37. Let b = s + h. What is the tens digit of b?
4
Suppose -b - 5868 = -6*x + 5737, 0 = 4*x - 2*b - 7730. What is the hundreds digit of x?
9
Suppose 2125 = 5*z - 5*x, -1470 = -3*z + 2*x - 197. Suppose 0 = -4*f - 4*v + 2140, -f + 110 + z = -v. What is the hundreds digit of f?
5
Suppose -59163*z + 1466487 = -59130*z. What is the thousands digit of z?
4
Suppose -7*t - 4*t = 186*t - 956238. What is the thousands digit of t?
4
What is the hundreds digit of (-1 + 2/4)/(26865750/(-639660) + 42)?
6
Let p(u) = 26*u**2 + u - 1. Let h be -4 + (4/(-4))/(-2)*0. Let b be 5 + -3 + (h - -3). What is the tens digit of p(b)?
2
Let m(r) = -r**3 + 6*r**2 - 4*r + 5. Let w be m(3). Suppose -w*g = -3*g - 11594. What is the units digit of g?
2
Suppose 8*h + 7 = -41. What is the tens digit of (-29)/(-87) + (-4)/h - -459?
6
Suppose 0 = -7*t + 15 + 34. Let v = -4 - t. Let f(r) = r**2 + 8*r - 4. What is the units digit of f(v)?
9
Let s(h) = -18*h - 116. Let d(a) = a - 4. Let u(r) = 6*d(r) + s(r). What is the hundreds digit of u(-31)?
2
Let s(i) = 12*i - 88. Let k be s(6). Let w(t) = -58*t - 162. What is the units digit of w(k)?
6
Let d be (8/12)/((-4)/(-25476)). Suppose -d = -21*o - o. What is the tens digit of o?
9
Let u = 219 - 180. Suppose -30*c + u*c - 513 = 0. What is the tens digit of c?
5
Suppose -24*z = 835 - 115. What is the tens digit of 986/6 - (-12 + 2)/z?
6
Let x(a) = -2*a**3 - 4*a**2 + 5*a + 3. Let g be x(-3). Suppose -g*q = -4 + 376. Let l = -1 - q. What is the units digit of l?
1
Let r = 568 + 275. Suppose 5*z - 3*n = 2130, -3*n = 3*z - 5*z + r. What is the tens digit of z?
2
Suppose -9*x + 3*t = -x - 130231, 16282 = x - t. What is the ten thousands digit of x?
1
Suppose -k - 4*y = -20, 0 = -4*y + 30 - 10. Suppose -3*v + 5*c = 4, 6*v - 2*v + 5*c - 18 = k. Suppose 2*o - 152 = -v*o. What is the tens digit of o?
3
Let i(w) = -w**3 - 12*w**2 + 7*w + 36. Let a = -308 - -293. What is the tens digit of i(a)?
0
Suppose 2*b = -3*b + 3*d - 69, 0 = 3*b + 5*d + 21. Let c(g) = -24*g - 87. What is the units digit of c(b)?
1
What is the units digit of (-925)/5*(4 + (-408)/20 + 0)?
4
Let v = -6799 + 10872. What is the thousands digit of v?
4
Let m(y) = -17*y**3 - 5*y**2 - 2*y + 5. Let k be m(-2). Let u = -56 + k. What is the units digit of u?
9
Suppose -396*r = -414*r + 66258. What is the tens digit of r?
8
Suppose -536155 - 859589 = -96*k. What is the tens digit of k?
3
Let m = -22 - -72. Let d = m + -2. What is the tens digit of d/80 + (0 - 312/(-5))?
6
Let t be ((-19)/6 - 2/6)*2. Let b(r) be the third derivative of r**6/120 + 3*r**5/20 + r**4/4 - 19*r**3/6 + 9*r**2. What is the tens digit of b(t)?
3
Let n = 341 - 206. Let x = 257 + n. What is the hundreds digit of x?
3
Suppose -175*t + 1181763 = -142*t. What is the thousands digit of t?
5
Suppose 4*p = -5*f + 7701, -119*p - 3*f - 7693 = -123*p. What is the hundreds digit of p?
9
Let z = -176 + 181. Suppose -z*f + 3*y = -754, 5*f = 4*f - 4*y + 137. What is the units digit of f?
9
Let a(r) be the second derivative of r**4/3 - 8*r**3/3 + 4*r**2 + 14*r. Let y be a(4). Suppose y*x = 9*x - 70. What is the tens digit of x?
7
Let k = 4 - 14. Let a be ((-42)/(-18) - 2) + k/3. What is the units digit of 75 + (-3)/a + -3?
3
Let y(b) = 2*b - 70. Let x be y(36). Suppose x*j = -0*j + 86. What is the units digit of j?
3
Let k be 78 + 2 + -5 + 3. Suppose -2*o + k = -220. Suppose n - 36 = o. What is the units digit of n?
5
Suppose 951*h - 5202 = 94